the highest common factor of 378 and c?
27
Suppose 5*f - 340 = -0. Suppose -2*i - f = -4*w, 5*w + 4*i - 38 = 60. Suppose -28 = -5*k + 122. What is the greatest common divisor of w and k?
6
Let j = -516 + 544. Let p be 1315/35 + -4 - 16/j. Suppose 11 = 2*i - i. What is the greatest common divisor of i and p?
11
Let g be 6482/12 - 915/(-1098). What is the greatest common divisor of 1 and g?
1
Suppose -448 = 115*d - 4220 - 3588. Calculate the highest common divisor of 5104 and d.
16
Suppose b = -5*u + 10, 2 = 4*u - 3*u + 2*b. Suppose 5*s - 61 = -2*y, -u*s + y = 2*y - 25. Calculate the highest common factor of s and 1.
1
Let x(g) be the first derivative of 29*g**3/3 - 7*g**2/2 - 4*g - 15. Let n be x(-5). Suppose 16*a - 7*a = n. What is the greatest common factor of a and 21?
21
Let z be 1884/21 - (-4)/14. Let c be 4/6 - 7856/48. Let h = c - -181. Calculate the highest common divisor of z and h.
18
Let b be (3 + (-5)/1)/(-2) + 125 + -4. Calculate the highest common divisor of b and 427.
61
Let j be 0 - (-4 + -6 - (-3)/((-21)/28)). Calculate the highest common divisor of j and 889.
7
Let t = 3147 - 3102. Suppose 4*j - 45 = 3*j. What is the highest common factor of t and j?
45
Suppose 2*m = -10, 5*m - 39 = 4*b + 4*m. Let w be 3*-1 - (-9)/9 - b. Let i be -3*((-30)/w + -2). Calculate the greatest common divisor of 2 and i.
2
Suppose 4*t + 670 = -5*s + 194, -4*t - s = 476. Let y = 394 + t. Let b = -51 + 76. Calculate the highest common divisor of y and b.
25
Suppose 28*n - 5104 = -167*n - 37*n. What is the greatest common factor of 1870 and n?
22
Let q be (1*(-434)/56)/(2/(-80)). What is the greatest common divisor of 186 and q?
62
Suppose 0 = -3*k, -3*m + 14 + 10 = 3*k. Suppose 47*i + 987 = 48*i. Suppose 5*g - i + 227 = 0. Calculate the highest common factor of g and m.
8
Suppose 90*k = -1563 + 9262 + 9311. What is the greatest common factor of k and 1141?
7
Let z be ((-2)/(-3))/(5/2010). What is the greatest common factor of 1139 and z?
67
Let x be 1/((-1)/34) + -2 + -3. Let d be 8/104 - 33147/x. Calculate the greatest common factor of 50 and d.
50
Let w = -8 + 22. Let h(c) = -118*c - 3328. Let j be h(-32). What is the greatest common divisor of w and j?
14
Let s = -171 - -163. Let r be -264*(48/18)/s. What is the highest common divisor of r and 16?
8
Let x(y) = -y**2 - 26*y - 4. Let t = -322 + 298. Let o be x(t). Suppose 3*v - 1452 = -0*v. What is the highest common divisor of v and o?
44
Let p be (2180*(-72)/384)/((-2)/8). What is the greatest common divisor of 15 and p?
15
Let n be (12/9)/((-1)/(-21)). Suppose -n + 18 = -5*i. Suppose -7 = -i*f - 1. What is the highest common divisor of f and 3?
3
Let f = 72 + -24. Suppose 4*n = -3*x - 79, 4*x - 8*x - 103 = 3*n. Let o = x + 37. Calculate the greatest common factor of o and f.
12
Let c be 1*3/(-1) - (-135 + -12). Let x = c + -141. Calculate the greatest common factor of x and 3.
3
Let p(s) = 17*s + 0*s - 5 + 7*s**2 - 3*s + 0*s. Let c be p(-7). What is the highest common divisor of 60 and c?
60
Let p(v) = 34*v**2 + 32*v + 173. Let w be p(-7). What is the greatest common factor of w and 255?
85
Let b = 234 - 232. Let t be 690/23 - 8/b. What is the highest common factor of 13 and t?
13
Let n be (-28224)/(-45) + (-10)/50. What is the greatest common factor of 165 and n?
33
Suppose -2*b - 550 = -7*b - 2*f, 0 = 4*f. Let p(y) = 20*y - 880. Let t be p(51). What is the greatest common factor of b and t?
10
Suppose 2*r + 4 = 18. Suppose 2*f = f + 2*b + r, -3*f + 5*b = -22. Suppose -l - 157 = -2*o, o + o - 3*l = 147. Calculate the greatest common divisor of f and o.
9
Suppose -136*c = -132*c - 16. Let q be (-1 + 221)*(9 - (c + 4)). Calculate the highest common divisor of 40 and q.
20
Suppose -3*k = -3*s + 97 + 53, 5*k - 290 = -5*s. Let t = 4 + 11. Let z = 3 + t. Calculate the greatest common factor of s and z.
18
Let o(x) = 72*x - 495. Let p be o(7). Calculate the highest common divisor of 98 and p.
1
Let i(j) = -6 - 13 - 12*j + 7. Let p be i(-5). What is the highest common divisor of p and 384?
48
Let g = 2880 + -2822. Calculate the greatest common factor of g and 2001.
29
Suppose -18*n + 584 + 2440 = 0. Let z = -3 - -115. Calculate the greatest common factor of z and n.
56
Let l = 1317 - 1297. What is the greatest common factor of l and 110?
10
Let c = 47 - 47. Suppose -2*j - p + 22 = 0, 2*j = -c*j + 4*p + 2. Suppose j - 6 = y. Calculate the highest common divisor of 4 and y.
1
Suppose -3*w + 6*k - 564 = k, -w - 4*k - 188 = 0. Let a be (-1 + w)*(-4)/6. Let y = -996 - -1014. Calculate the highest common divisor of y and a.
18
Let z(y) = 3*y**2 - 27*y. Let d be z(9). Suppose -w + 241 - 207 = d. Calculate the highest common divisor of 306 and w.
34
Let d be (-2 - -6) + (-4)/(6 + -5). Suppose -8*b + b + 35 = d. Calculate the highest common factor of 145 and b.
5
Let t = 231 + -115. Let d be (87/7)/(2076/4844). What is the highest common factor of t and d?
29
Let n be (-3 + 276/(-8))/((-9)/120). Let r be n/18 - 8/(-36). Calculate the highest common factor of r and 4.
4
Let x(h) = 9*h - 4. Let u be x(1). Suppose -m + 103 = -u*c, -7*c + 3*c + 12 = 0. What is the highest common factor of m and 59?
59
Let m(s) = 4 + 246*s**3 - 11*s + 5*s - 4*s + 3*s**2 + 3*s + s. Let t be m(1). Calculate the highest common divisor of t and 39.
13
Suppose 0*s = s + s, -3*f - 4*s = -2607. What is the highest common factor of f and 198?
11
Suppose -32 = 4*i + 5*h - 151, h = 3*i - 94. Let j = 1815 - 1813. Calculate the highest common divisor of i and j.
1
Suppose -131*d + 52*d = -5056. Calculate the greatest common factor of 17408 and d.
64
Suppose 0 = -76*h + 69*h - 2*k + 2268, h - 324 = 2*k. What is the highest common divisor of h and 100?
4
Let h = 407 - 399. Suppose 415 = h*n - 97. Calculate the highest common divisor of 128 and n.
64
Let x(r) = 3*r**3 + 6*r - 4*r**3 - 7 - 4*r**2 - 3*r**2. Let z be x(-8). Let t be (-12272)/(-338) + (-16)/52. Calculate the greatest common divisor of t and z.
9
Let k be 42/(-15) + 2 - 6804/(-105). What is the greatest common factor of k and 944?
16
Let p be (-4)/28 + (-1612)/(-14). Suppose 2*y - p = -41. Suppose h + 0*f = -3*f + 68, 0 = -5*h + f + 372. What is the greatest common divisor of y and h?
37
Suppose -3 + 18 = 3*o - 81. What is the greatest common divisor of 720 and o?
16
Let t = -8525 - -8685. Calculate the greatest common divisor of t and 1920.
160
Suppose 0 = -4*w + 5*x - x + 24, 5*x + 12 = -4*w. Let c be (-117 - 0)*(w + -5). Calculate the greatest common factor of 195 and c.
39
Let s be (10 - 6) + 0/16. Calculate the highest common divisor of s and 484.
4
Suppose 10241*t = 10276*t - 8960. What is the highest common factor of t and 848?
16
Suppose -5*s + 19 = -n + 4*n, 3*s + 4*n = 7. Let i = -162 - -307. What is the highest common factor of i and s?
5
Let y = 24 - 19. Suppose -4*r + 2*p = -3*r - 25, p = -y. Let l = 683 - 548. Calculate the highest common factor of r and l.
15
Suppose -10*r - 2*r = -852. Suppose r = z - m, 2*z + m + m = 130. Suppose -3*f = -15, 2*f - 106 = 4*g - 776. Calculate the greatest common divisor of z and g.
34
Let z(u) = -3*u**2 + 13*u - u**3 + 8 - 2 - 4*u**2 - 1. Let q be z(-9). Let o = 66 + -36. Calculate the highest common divisor of q and o.
10
Let w be (-56)/6*(-12)/8. Let d = 2709 - 2695. What is the greatest common divisor of d and w?
14
Suppose -18*q = -33*q - 390. Let l = -11 - q. Let d(x) = -14*x + 1. Let w be d(-1). Calculate the highest common factor of w and l.
15
Let u(j) = -j**2 - 47*j + 836. Let k be u(13). Calculate the highest common divisor of k and 5460.
28
Suppose -2*g + 246 = 5*c, -2*g = -3*c - 402 + 124. Let t = 146 - g. What is the greatest common factor of 52 and t?
13
Let f(z) = 58*z**2 - 3*z + 1. Let y be f(2). Suppose -3*k - 232 - y = -2*o, 3*k - 429 = -2*o. Calculate the highest common factor of 12 and o.
6
Let l be (93/(-12))/(-4 - 3689/(-924)). Calculate the greatest common factor of l and 589.
31
Suppose n = -5*f - 24, 4*n = -4*f + 4 - 36. Let q be (1714 - 6)/(-14)*2/n. What is the greatest common factor of q and 305?
61
Suppose -204 = -6*p + 4*p. Suppose 0 = -2*m + 4*m - p. Let s = m - 41. Calculate the highest common divisor of 20 and s.
10
Let r(b) = 4*b**2 - 17*b - 1. Let a be r(8). Let k = a - 101. What is the highest common